{"id":314,"date":"2021-07-08T04:10:10","date_gmt":"2021-07-08T04:10:10","guid":{"rendered":"https:\/\/shophoabentre.com\/?post_type=product&#038;p=314"},"modified":"2026-04-13T12:34:19","modified_gmt":"2026-04-13T12:34:19","slug":"bo-bong-dep","status":"publish","type":"product","link":"https:\/\/shophoabentre.com\/?product=bo-bong-dep","title":{"rendered":"B\u00f3 B\u00f4ng \u0110\u1eb9p"},"content":{"rendered":"<h1>### Gi\u1edbi thi\u1ec7u v\u1ec1 B\u00f3 B\u00f4ng \u0110\u1eb9p<\/h1>\n<div><\/div>\n<div><\/div>\n<div>**B\u00f3 B\u00f4ng \u0110\u1eb9p** l\u00e0 m\u1ed9t shop hoa t\u01b0\u01a1i n\u1ed5i b\u1eadt t\u1ea1i B\u1ebfn Tre, \u0111\u01b0\u1ee3c nhi\u1ec1u kh\u00e1ch h\u00e0ng bi\u1ebft \u0111\u1ebfn v\u1edbi s\u1ef1 \u0111a d\u1ea1ng v\u00e0 ch\u1ea5t l\u01b0\u1ee3ng c\u1ee7a c\u00e1c s\u1ea3n ph\u1ea9m hoa t\u01b0\u01a1i. Shop cung c\u1ea5p c\u00e1c lo\u1ea1i hoa t\u01b0\u01a1i phong ph\u00fa, t\u1eeb nh\u1eefng b\u00f3 hoa \u0111\u01a1n gi\u1ea3n \u0111\u1ebfn nh\u1eefng l\u1eb5ng hoa ph\u1ee9c t\u1ea1p, ph\u1ee5c v\u1ee5 cho nhi\u1ec1u d\u1ecbp kh\u00e1c nhau nh\u01b0 sinh nh\u1eadt, k\u1ef7 ni\u1ec7m, l\u1ec5 c\u01b0\u1edbi, v\u00e0 c\u00e1c s\u1ef1 ki\u1ec7n \u0111\u1eb7c bi\u1ec7t.<\/div>\n<div><\/div>\n<div><strong>### \u0110\u1eb7c \u0111i\u1ec3m n\u1ed5i b\u1eadt c\u1ee7a B\u00f3 B\u00f4ng \u0110\u1eb9p:<\/strong><\/div>\n<div><\/div>\n<div>1. **S\u1ef1 \u0111a d\u1ea1ng s\u1ea3n ph\u1ea9m**:<\/div>\n<div>\u00a0 \u00a0&#8211; **B\u00f3 hoa t\u01b0\u01a1i**: \u0110a d\u1ea1ng v\u1ec1 m\u1eabu m\u00e3 v\u00e0 phong c\u00e1ch, t\u1eeb nh\u1eefng b\u00f3 hoa h\u1ed3ng l\u00e3ng m\u1ea1n \u0111\u1ebfn nh\u1eefng b\u00f3 hoa h\u01b0\u1edbng d\u01b0\u01a1ng r\u1ef1c r\u1ee1.<\/div>\n<div>\u00a0 \u00a0&#8211; **Gi\u1ecf hoa v\u00e0 l\u1eb5ng hoa**: Ph\u00f9 h\u1ee3p cho c\u00e1c d\u1ecbp l\u1ec5 t\u1ebft, khai tr\u01b0\u01a1ng ho\u1eb7c \u0111\u1ec3 t\u1eb7ng \u0111\u1ed1i t\u00e1c.<\/div>\n<div>\u00a0 \u00a0&#8211; **Hoa ch\u1eadu**: L\u00e0m \u0111\u1eb9p kh\u00f4ng gian s\u1ed1ng v\u00e0 l\u00e0m vi\u1ec7c v\u1edbi c\u00e1c lo\u1ea1i hoa ch\u1eadu \u0111\u1eb9p m\u1eaft.<\/div>\n<div>\u00a0 \u00a0&#8211; **Hoa s\u1ef1 ki\u1ec7n**: Trang tr\u00ed cho c\u00e1c bu\u1ed5i ti\u1ec7c, l\u1ec5 c\u01b0\u1edbi v\u00e0 c\u00e1c s\u1ef1 ki\u1ec7n quan tr\u1ecdng kh\u00e1c.<\/div>\n<div><\/div>\n<div><strong>2. **Ch\u1ea5t l\u01b0\u1ee3ng hoa t\u01b0\u01a1i**:<\/strong><\/div>\n<div>\u00a0 \u00a0&#8211; Hoa \u0111\u01b0\u1ee3c nh\u1eadp t\u1eeb c\u00e1c nh\u00e0 v\u01b0\u1eddn uy t\u00edn, \u0111\u1ea3m b\u1ea3o \u0111\u1ed9 t\u01b0\u01a1i m\u1edbi v\u00e0 b\u1ec1n l\u00e2u.<\/div>\n<div>\u00a0 \u00a0&#8211; S\u1eed d\u1ee5ng c\u00e1c ph\u01b0\u01a1ng ph\u00e1p b\u1ea3o qu\u1ea3n hi\u1ec7n \u0111\u1ea1i \u0111\u1ec3 gi\u1eef hoa lu\u00f4n t\u01b0\u01a1i t\u1eafn.<\/div>\n<div><\/div>\n<div>3. **D\u1ecbch v\u1ee5 t\u1eadn t\u00e2m v\u00e0 chuy\u00ean nghi\u1ec7p**:<\/div>\n<div>\u00a0 \u00a0&#8211; T\u01b0 v\u1ea5n kh\u00e1ch h\u00e0ng nhi\u1ec7t t\u00ecnh, gi\u00fap kh\u00e1ch h\u00e0ng ch\u1ecdn \u0111\u01b0\u1ee3c b\u00f3 hoa ph\u00f9 h\u1ee3p nh\u1ea5t v\u1edbi nhu c\u1ea7u.<\/div>\n<div>\u00a0 \u00a0&#8211; D\u1ecbch v\u1ee5 giao hoa nhanh ch\u00f3ng, \u0111\u00fang h\u1eb9n v\u00e0 \u0111\u1ea3m b\u1ea3o ch\u1ea5t l\u01b0\u1ee3ng hoa khi \u0111\u1ebfn tay ng\u01b0\u1eddi nh\u1eadn.<\/div>\n<div><\/div>\n<div><strong>4. **Thi\u1ebft k\u1ebf s\u00e1ng t\u1ea1o**:<\/strong><\/div>\n<div>\u00a0 \u00a0&#8211; \u0110\u1ed9i ng\u0169 thi\u1ebft k\u1ebf hoa t\u00e0i n\u0103ng, lu\u00f4n c\u1eadp nh\u1eadt c\u00e1c xu h\u01b0\u1edbng m\u1edbi nh\u1ea5t trong ngh\u1ec7 thu\u1eadt c\u1eafm hoa.<\/div>\n<div>\u00a0 \u00a0&#8211; M\u1ed7i b\u00f3 hoa \u0111\u1ec1u mang phong c\u00e1ch ri\u00eang, ph\u00f9 h\u1ee3p v\u1edbi t\u1eebng d\u1ecbp v\u00e0 s\u1edf th\u00edch c\u1ee7a kh\u00e1ch h\u00e0ng.<\/div>\n<div><\/div>\n<div><\/div>\n<p><img loading=\"lazy\" decoding=\"async\" class=\"aligncenter wp-image-315 size-full\" src=\"http:\/\/shophoabentre.com\/wp-content\/uploads\/2021\/07\/z2518289748275_dfff8a5346e08eae0768ddb0470db03f.jpg\" alt=\"B\u00f3 B\u00f4ng \u0110\u1eb9p\" width=\"527\" height=\"650\" srcset=\"https:\/\/shophoabentre.com\/wp-content\/uploads\/2021\/07\/z2518289748275_dfff8a5346e08eae0768ddb0470db03f.jpg 527w, https:\/\/shophoabentre.com\/wp-content\/uploads\/2021\/07\/z2518289748275_dfff8a5346e08eae0768ddb0470db03f-243x300.jpg 243w, https:\/\/shophoabentre.com\/wp-content\/uploads\/2021\/07\/z2518289748275_dfff8a5346e08eae0768ddb0470db03f-510x629.jpg 510w, https:\/\/shophoabentre.com\/wp-content\/uploads\/2021\/07\/z2518289748275_dfff8a5346e08eae0768ddb0470db03f-49x60.jpg 49w\" sizes=\"auto, (max-width: 527px) 100vw, 527px\" \/><\/p>\n<div><strong>5. **Gi\u00e1 c\u1ea3 c\u1ea1nh tranh**:<\/strong><\/div>\n<div>\u00a0 \u00a0&#8211; Cung c\u1ea5p s\u1ea3n ph\u1ea9m v\u1edbi nhi\u1ec1u m\u1ee9c gi\u00e1 kh\u00e1c nhau, ph\u00f9 h\u1ee3p v\u1edbi ng\u00e2n s\u00e1ch c\u1ee7a m\u1ecdi kh\u00e1ch h\u00e0ng.<\/div>\n<div>\u00a0 \u00a0&#8211; Ch\u01b0\u01a1ng tr\u00ecnh khuy\u1ebfn m\u00e3i th\u01b0\u1eddng xuy\u00ean, \u01b0u \u0111\u00e3i cho kh\u00e1ch h\u00e0ng th\u00e2n thi\u1ebft.<\/div>\n<div><\/div>\n<div><strong>### M\u1ed9t s\u1ed1 lo\u1ea1i hoa ph\u1ed5 bi\u1ebfn t\u1ea1i B\u00f3 B\u00f4ng \u0110\u1eb9p:<\/strong><\/div>\n<div><\/div>\n<div>&#8211; **Hoa h\u1ed3ng**: Bi\u1ec3u t\u01b0\u1ee3ng c\u1ee7a t\u00ecnh y\u00eau v\u00e0 s\u1ef1 l\u00e3ng m\u1ea1n.<\/div>\n<div>&#8211; **Hoa lan**: T\u01b0\u1ee3ng tr\u01b0ng cho s\u1ef1 cao qu\u00fd v\u00e0 thanh tao.<\/div>\n<div>&#8211; **Hoa c\u00fac**: Th\u1ec3 hi\u1ec7n l\u00f2ng k\u00ednh tr\u1ecdng v\u00e0 t\u00ecnh y\u00eau th\u01b0\u01a1ng.<\/div>\n<div>&#8211; **Hoa h\u01b0\u1edbng d\u01b0\u01a1ng**: Bi\u1ec3u t\u01b0\u1ee3ng c\u1ee7a ni\u1ec1m vui v\u00e0 s\u1ef1 l\u1ea1c quan.<\/div>\n<div><\/div>\n<div><a href=\"https:\/\/shophoabentre.com\/\">hoa t\u01b0\u01a1i b\u1ebfn tre<\/a><\/div>\n<div><\/div>\n<div><\/div>\n<div><\/div>\n<div>**B\u00f3 B\u00f4ng \u0110\u1eb9p** kh\u00f4ng ch\u1ec9 mang \u0111\u1ebfn cho kh\u00e1ch h\u00e0ng nh\u1eefng b\u00f3 hoa t\u01b0\u01a1i \u0111\u1eb9p m\u00e0 c\u00f2n g\u1eedi g\u1eafm nh\u1eefng th\u00f4ng \u0111i\u1ec7p y\u00eau th\u01b0\u01a1ng v\u00e0 s\u1ef1 quan t\u00e2m ch\u00e2n th\u00e0nh. V\u1edbi d\u1ecbch v\u1ee5 chuy\u00ean nghi\u1ec7p v\u00e0 t\u1eadn t\u00e2m, B\u00f3 B\u00f4ng \u0110\u1eb9p ch\u1eafc ch\u1eafn s\u1ebd l\u00e0m h\u00e0i l\u00f2ng c\u1ea3 nh\u1eefng kh\u00e1ch h\u00e0ng kh\u00f3 t\u00ednh nh\u1ea5t. H\u00e3y \u0111\u1ebfn v\u1edbi B\u00f3 B\u00f4ng \u0110\u1eb9p \u0111\u1ec3 ch\u1ecdn l\u1ef1a cho m\u00ecnh nh\u1eefng b\u00f3 hoa t\u01b0\u01a1i th\u1eafm v\u00e0 \u00fd ngh\u0129a nh\u1ea5t!<\/div>\n","protected":false},"excerpt":{"rendered":"<p>**B\u00f3 B\u00f4ng \u0110\u1eb9p** kh\u00f4ng ch\u1ec9 mang \u0111\u1ebfn cho kh\u00e1ch h\u00e0ng nh\u1eefng b\u00f3 hoa t\u01b0\u01a1i \u0111\u1eb9p m\u00e0 c\u00f2n g\u1eedi g\u1eafm nh\u1eefng th\u00f4ng \u0111i\u1ec7p y\u00eau th\u01b0\u01a1ng v\u00e0 s\u1ef1 quan t\u00e2m ch\u00e2n th\u00e0nh.<\/p>\n","protected":false},"featured_media":315,"comment_status":"open","ping_status":"closed","template":"","meta":[],"product_brand":[],"product_cat":[36],"product_tag":[70,43,40,53,51],"class_list":{"0":"post-314","1":"product","2":"type-product","3":"status-publish","4":"has-post-thumbnail","6":"product_cat-hoa-bo","7":"product_tag-bo-bong-dep","8":"product_tag-hoa-chuc-mung_sang-trong","9":"product_tag-hoa-khai-truong","10":"product_tag-khai-truong-van-loc","11":"product_tag-thanh-than","13":"first","14":"instock","15":"shipping-taxable","16":"purchasable","17":"product-type-simple"},"_links":{"self":[{"href":"https:\/\/shophoabentre.com\/index.php?rest_route=\/wp\/v2\/product\/314","targetHints":{"allow":["GET"]}}],"collection":[{"href":"https:\/\/shophoabentre.com\/index.php?rest_route=\/wp\/v2\/product"}],"about":[{"href":"https:\/\/shophoabentre.com\/index.php?rest_route=\/wp\/v2\/types\/product"}],"replies":[{"embeddable":true,"href":"https:\/\/shophoabentre.com\/index.php?rest_route=%2Fwp%2Fv2%2Fcomments&post=314"}],"wp:featuredmedia":[{"embeddable":true,"href":"https:\/\/shophoabentre.com\/index.php?rest_route=\/wp\/v2\/media\/315"}],"wp:attachment":[{"href":"https:\/\/shophoabentre.com\/index.php?rest_route=%2Fwp%2Fv2%2Fmedia&parent=314"}],"wp:term":[{"taxonomy":"product_brand","embeddable":true,"href":"https:\/\/shophoabentre.com\/index.php?rest_route=%2Fwp%2Fv2%2Fproduct_brand&post=314"},{"taxonomy":"product_cat","embeddable":true,"href":"https:\/\/shophoabentre.com\/index.php?rest_route=%2Fwp%2Fv2%2Fproduct_cat&post=314"},{"taxonomy":"product_tag","embeddable":true,"href":"https:\/\/shophoabentre.com\/index.php?rest_route=%2Fwp%2Fv2%2Fproduct_tag&post=314"}],"curies":[{"name":"wp","href":"https:\/\/api.w.org\/{rel}","templated":true}]}}