{"id":293,"date":"2021-07-06T02:19:23","date_gmt":"2021-07-06T02:19:23","guid":{"rendered":"https:\/\/shophoabentre.com\/?post_type=product&#038;p=293"},"modified":"2026-05-02T15:57:24","modified_gmt":"2026-05-02T15:57:24","slug":"lang-hoa-chuc-mung-dep","status":"publish","type":"product","link":"https:\/\/shophoabentre.com\/?product=lang-hoa-chuc-mung-dep","title":{"rendered":"L\u1eb4NG HOA CH\u00daC M\u1eeaNG \u0110\u1eb8P"},"content":{"rendered":"<h1><strong>### L\u1eb5ng Hoa Ch\u00fac M\u1eebng \u0110\u1eb9p t\u1ea1i TP B\u1ebfn Tre<\/strong><\/h1>\n<p>&nbsp;<\/p>\n<div><\/div>\n<div>**L\u1eb5ng hoa ch\u00fac m\u1eebng** l\u00e0 m\u00f3n qu\u00e0 tinh t\u1ebf v\u00e0 trang tr\u1ecdng \u0111\u1ec3 g\u1eedi g\u1eafm l\u1eddi ch\u00fac t\u1ed1t \u0111\u1eb9p, ni\u1ec1m vui v\u00e0 s\u1ef1 ph\u1ea5n kh\u1edfi trong c\u00e1c d\u1ecbp \u0111\u1eb7c bi\u1ec7t nh\u01b0 khai tr\u01b0\u01a1ng, sinh nh\u1eadt, l\u1ec5 k\u1ef7 ni\u1ec7m, hay m\u1eebng th\u0103ng ch\u1ee9c. T\u1ea1i TP B\u1ebfn Tre, c\u00e1c c\u1eeda h\u00e0ng hoa t\u01b0\u01a1i cung c\u1ea5p nhi\u1ec1u m\u1eabu l\u1eb5ng hoa ch\u00fac m\u1eebng \u0111\u1eb9p, \u0111\u1ed9c \u0111\u00e1o v\u00e0 ph\u00f9 h\u1ee3p v\u1edbi t\u1eebng s\u1ef1 ki\u1ec7n.<\/div>\n<div><\/div>\n<div>#### \u0110\u1eb7c \u0111i\u1ec3m n\u1ed5i b\u1eadt c\u1ee7a l\u1eb5ng hoa ch\u00fac m\u1eebng \u0111\u1eb9p:<\/div>\n<div><\/div>\n<div>1. **Thi\u1ebft k\u1ebf sang tr\u1ecdng**:<\/div>\n<div>\u00a0 \u00a0&#8211; L\u1eb5ng hoa \u0111\u01b0\u1ee3c thi\u1ebft k\u1ebf tinh t\u1ebf, s\u1eed d\u1ee5ng nhi\u1ec1u lo\u1ea1i hoa k\u1ebft h\u1ee3p \u0111\u1ec3 t\u1ea1o n\u00ean s\u1ef1 h\u00e0i h\u00f2a v\u00e0 c\u00e2n \u0111\u1ed1i.<\/div>\n<div>\u00a0 \u00a0&#8211; C\u00e1c lo\u1ea1i hoa th\u01b0\u1eddng d\u00f9ng bao g\u1ed3m hoa h\u1ed3ng, hoa lan, hoa ly, hoa \u0111\u1ed3ng ti\u1ec1n v\u00e0 hoa h\u01b0\u1edbng d\u01b0\u01a1ng, mang l\u1ea1i v\u1ebb \u0111\u1eb9p r\u1ef1c r\u1ee1 v\u00e0 n\u1ed5i b\u1eadt.<\/div>\n<div><\/div>\n<div>2. **M\u00e0u s\u1eafc phong ph\u00fa**:<\/div>\n<div>\u00a0 \u00a0&#8211; M\u00e0u \u0111\u1ecf v\u00e0 v\u00e0ng c\u1ee7a hoa h\u1ed3ng v\u00e0 hoa h\u01b0\u1edbng d\u01b0\u01a1ng th\u1ec3 hi\u1ec7n s\u1ef1 may m\u1eafn v\u00e0 th\u1ecbnh v\u01b0\u1ee3ng.<\/div>\n<div>\u00a0 \u00a0&#8211; M\u00e0u tr\u1eafng v\u00e0 t\u00edm c\u1ee7a hoa lan v\u00e0 hoa ly bi\u1ec3u t\u01b0\u1ee3ng cho s\u1ef1 tinh khi\u1ebft v\u00e0 sang tr\u1ecdng.<\/div>\n<div><\/div>\n<div>3. **Ch\u1ea5t l\u01b0\u1ee3ng hoa t\u01b0\u01a1i**:<\/div>\n<div>\u00a0 \u00a0&#8211; Hoa \u0111\u01b0\u1ee3c ch\u1ecdn l\u1ef1a k\u1ef9 c\u00e0ng t\u1eeb c\u00e1c nh\u00e0 v\u01b0\u1eddn uy t\u00edn, \u0111\u1ea3m b\u1ea3o \u0111\u1ed9 t\u01b0\u01a1i m\u1edbi v\u00e0 b\u1ec1n l\u00e2u.<\/div>\n<div>\u00a0 \u00a0&#8211; S\u1eed d\u1ee5ng c\u00e1c k\u1ef9 thu\u1eadt b\u1ea3o qu\u1ea3n hi\u1ec7n \u0111\u1ea1i \u0111\u1ec3 gi\u1eef hoa lu\u00f4n t\u01b0\u01a1i t\u1eafn v\u00e0 \u0111\u1eb9p m\u1eaft.<\/div>\n<div><\/div>\n<div>4. **D\u1ecbch v\u1ee5 t\u1eadn t\u00e2m**:<\/div>\n<div>\u00a0 \u00a0&#8211; T\u01b0 v\u1ea5n nhi\u1ec7t t\u00ecnh gi\u00fap kh\u00e1ch h\u00e0ng ch\u1ecdn \u0111\u01b0\u1ee3c l\u1eb5ng hoa ph\u00f9 h\u1ee3p nh\u1ea5t v\u1edbi th\u00f4ng \u0111i\u1ec7p mu\u1ed1n g\u1eedi g\u1eafm.<\/div>\n<div>\u00a0 \u00a0&#8211; D\u1ecbch v\u1ee5 giao hoa nhanh ch\u00f3ng v\u00e0 \u0111\u00fang h\u1eb9n, \u0111\u1ea3m b\u1ea3o hoa \u0111\u1ebfn tay ng\u01b0\u1eddi nh\u1eadn trong t\u00ecnh tr\u1ea1ng t\u1ed1t nh\u1ea5t.<\/div>\n<div><\/div>\n<p>&nbsp;<\/p>\n<p><img loading=\"lazy\" decoding=\"async\" class=\"wp-image-294 size-full aligncenter\" src=\"http:\/\/shophoabentre.com\/wp-content\/uploads\/2021\/07\/mai-yeu.jpg\" alt=\"L\u1eb4NG HOA CH\u00daC M\u1eeaNG \u0110\u1eb8P\" width=\"527\" height=\"650\" srcset=\"https:\/\/shophoabentre.com\/wp-content\/uploads\/2021\/07\/mai-yeu.jpg 527w, https:\/\/shophoabentre.com\/wp-content\/uploads\/2021\/07\/mai-yeu-243x300.jpg 243w, https:\/\/shophoabentre.com\/wp-content\/uploads\/2021\/07\/mai-yeu-510x629.jpg 510w, https:\/\/shophoabentre.com\/wp-content\/uploads\/2021\/07\/mai-yeu-49x60.jpg 49w\" sizes=\"auto, (max-width: 527px) 100vw, 527px\" \/><\/p>\n<p>&nbsp;<\/p>\n<div><\/div>\n<div>#### \u00dd ngh\u0129a c\u1ee7a l\u1eb5ng hoa ch\u00fac m\u1eebng:<\/div>\n<div><\/div>\n<div>&#8211; **Th\u00e0nh c\u00f4ng v\u00e0 th\u1ecbnh v\u01b0\u1ee3ng**: Hoa h\u01b0\u1edbng d\u01b0\u01a1ng v\u00e0 hoa h\u1ed3ng \u0111\u1ecf t\u01b0\u1ee3ng tr\u01b0ng cho s\u1ef1 th\u00e0nh c\u00f4ng, th\u1ecbnh v\u01b0\u1ee3ng v\u00e0 ni\u1ec1m vui.<\/div>\n<div>&#8211; **Tinh t\u1ebf v\u00e0 thanh l\u1ecbch**: Hoa lan v\u00e0 hoa ly th\u1ec3 hi\u1ec7n s\u1ef1 tinh t\u1ebf, thanh l\u1ecbch v\u00e0 s\u1ef1 trang tr\u1ecdng.<\/div>\n<div>&#8211; **May m\u1eafn v\u00e0 ph\u00fac l\u1ed9c**: Hoa \u0111\u1ed3ng ti\u1ec1n v\u00e0 c\u00e1c lo\u1ea1i hoa m\u00e0u s\u1eafc t\u01b0\u01a1i s\u00e1ng mang l\u1ea1i c\u1ea3m gi\u00e1c may m\u1eafn v\u00e0 ph\u00fac l\u1ed9c.<\/div>\n<div><\/div>\n<div>#### \u0110\u1ecba ch\u1ec9 v\u00e0 th\u00f4ng tin li\u00ean h\u1ec7 \u0111\u1ec3 \u0111\u1eb7t l\u1eb5ng hoa ch\u00fac m\u1eebng \u0111\u1eb9p:<\/div>\n<div><\/div>\n<div><a href=\"https:\/\/shophoabentre.com\/\">\u0111i\u1ec7n hoa b\u1ebfn tre\u00a0<\/a><\/div>\n<div><\/div>\n<div>### K\u1ebft lu\u1eadn<\/div>\n<div><\/div>\n<div>L\u1eb5ng hoa ch\u00fac m\u1eebng \u0111\u1eb9p kh\u00f4ng ch\u1ec9 l\u00e0 m\u00f3n qu\u00e0 trang tr\u1ecdng m\u00e0 c\u00f2n mang nhi\u1ec1u \u00fd ngh\u0129a t\u1ed1t \u0111\u1eb9p, g\u1eedi g\u1eafm nh\u1eefng l\u1eddi ch\u00fac ch\u00e2n th\u00e0nh v\u00e0 s\u1ef1 ph\u1ea5n kh\u1edfi. H\u00e3y \u0111\u1ebfn v\u1edbi c\u00e1c c\u1eeda h\u00e0ng hoa t\u1ea1i TP B\u1ebfn Tre \u0111\u1ec3 ch\u1ecdn l\u1ef1a cho m\u00ecnh l\u1eb5ng hoa ch\u00fac m\u1eebng \u0111\u1eb9p v\u00e0 mang \u0111\u1ebfn ni\u1ec1m vui, s\u1ef1 th\u00e0nh c\u00f4ng v\u00e0 th\u1ecbnh v\u01b0\u1ee3ng cho ng\u01b0\u1eddi th\u00e2n, b\u1ea1n b\u00e8 v\u00e0 \u0111\u1ed1i t\u00e1c trong nh\u1eefng d\u1ecbp \u0111\u1eb7c bi\u1ec7t.<\/div>\n","protected":false},"excerpt":{"rendered":"<p>L\u1eb5ng hoa ch\u00fac m\u1eebng \u0111\u1eb9p kh\u00f4ng ch\u1ec9 l\u00e0 m\u00f3n qu\u00e0 trang tr\u1ecdng m\u00e0 c\u00f2n mang nhi\u1ec1u \u00fd ngh\u0129a t\u1ed1t \u0111\u1eb9p, g\u1eedi g\u1eafm nh\u1eefng l\u1eddi ch\u00fac ch\u00e2n th\u00e0nh v\u00e0 s\u1ef1 ph\u1ea5n kh\u1edfi. H\u00e3y \u0111\u1ebfn v\u1edbi c\u00e1c c\u1eeda h\u00e0ng hoa t\u1ea1i TP B\u1ebfn Tre \u0111\u1ec3 ch\u1ecdn l\u1ef1a cho m\u00ecnh l\u1eb5ng hoa ch\u00fac m\u1eebng \u0111\u1eb9p v\u00e0 mang \u0111\u1ebfn ni\u1ec1m vui, s\u1ef1 th\u00e0nh c\u00f4ng v\u00e0 th\u1ecbnh v\u01b0\u1ee3ng cho ng\u01b0\u1eddi th\u00e2n, b\u1ea1n b\u00e8 v\u00e0 \u0111\u1ed1i t\u00e1c trong nh\u1eefng d\u1ecbp \u0111\u1eb7c bi\u1ec7t.<\/p>\n","protected":false},"featured_media":294,"comment_status":"open","ping_status":"closed","template":"","meta":[],"product_brand":[],"product_cat":[37],"product_tag":[64],"class_list":{"0":"post-293","1":"product","2":"type-product","3":"status-publish","4":"has-post-thumbnail","6":"product_cat-hoa-gio","7":"product_tag-lang-hoa-chuc-mung-dep","9":"first","10":"instock","11":"shipping-taxable","12":"purchasable","13":"product-type-simple"},"_links":{"self":[{"href":"https:\/\/shophoabentre.com\/index.php?rest_route=\/wp\/v2\/product\/293","targetHints":{"allow":["GET"]}}],"collection":[{"href":"https:\/\/shophoabentre.com\/index.php?rest_route=\/wp\/v2\/product"}],"about":[{"href":"https:\/\/shophoabentre.com\/index.php?rest_route=\/wp\/v2\/types\/product"}],"replies":[{"embeddable":true,"href":"https:\/\/shophoabentre.com\/index.php?rest_route=%2Fwp%2Fv2%2Fcomments&post=293"}],"wp:featuredmedia":[{"embeddable":true,"href":"https:\/\/shophoabentre.com\/index.php?rest_route=\/wp\/v2\/media\/294"}],"wp:attachment":[{"href":"https:\/\/shophoabentre.com\/index.php?rest_route=%2Fwp%2Fv2%2Fmedia&parent=293"}],"wp:term":[{"taxonomy":"product_brand","embeddable":true,"href":"https:\/\/shophoabentre.com\/index.php?rest_route=%2Fwp%2Fv2%2Fproduct_brand&post=293"},{"taxonomy":"product_cat","embeddable":true,"href":"https:\/\/shophoabentre.com\/index.php?rest_route=%2Fwp%2Fv2%2Fproduct_cat&post=293"},{"taxonomy":"product_tag","embeddable":true,"href":"https:\/\/shophoabentre.com\/index.php?rest_route=%2Fwp%2Fv2%2Fproduct_tag&post=293"}],"curies":[{"name":"wp","href":"https:\/\/api.w.org\/{rel}","templated":true}]}}