{"id":281,"date":"2021-07-06T00:57:18","date_gmt":"2021-07-06T00:57:18","guid":{"rendered":"https:\/\/shophoabentre.com\/?post_type=product&#038;p=281"},"modified":"2024-10-04T05:42:09","modified_gmt":"2024-10-04T05:42:09","slug":"diu-dang-huong-hoa","status":"publish","type":"product","link":"https:\/\/shophoabentre.com\/?product=diu-dang-huong-hoa","title":{"rendered":"D\u1ecaU D\u00c0NG H\u01af\u01a0NG HOA"},"content":{"rendered":"<p><strong><span style=\"font-size: 140%;\">### L\u1eb5ng Hoa &#8220;D\u1ecbu D\u00e0ng H\u01b0\u01a1ng Hoa&#8221; t\u1ea1i TP B\u1ebfn Tre<\/span><\/strong><\/p>\n<p><span style=\"font-size: 120%;\">**L\u1eb5ng hoa &#8220;D\u1ecbu D\u00e0ng H\u01b0\u01a1ng Hoa&#8221;** l\u00e0 s\u1ef1 l\u1ef1a ch\u1ecdn tuy\u1ec7t v\u1eddi \u0111\u1ec3 g\u1eedi g\u1eafm t\u00ecnh c\u1ea3m ch\u00e2n th\u00e0nh v\u00e0 l\u1eddi ch\u00fac t\u1ed1t \u0111\u1eb9p \u0111\u1ebfn ng\u01b0\u1eddi nh\u1eadn. V\u1edbi thi\u1ebft k\u1ebf thanh nh\u00e3, m\u00e0u s\u1eafc nh\u1eb9 nh\u00e0ng, v\u00e0 h\u01b0\u01a1ng th\u01a1m quy\u1ebfn r\u0169, l\u1eb5ng hoa n\u00e0y mang \u0111\u1ebfn s\u1ef1 d\u1ecbu d\u00e0ng v\u00e0 t\u01b0\u01a1i m\u1edbi cho m\u1ecdi d\u1ecbp \u0111\u1eb7c bi\u1ec7t.<\/span><\/p>\n<h3><strong><span style=\"font-size: 120%;\">#### \u0110\u1eb7c \u0111i\u1ec3m n\u1ed5i b\u1eadt c\u1ee7a l\u1eb5ng hoa &#8220;D\u1ecbu D\u00e0ng H\u01b0\u01a1ng Hoa&#8221;:<\/span><\/strong><\/h3>\n<p><span style=\"font-size: 120%;\">1. **Thi\u1ebft k\u1ebf thanh nh\u00e3 v\u00e0 tinh t\u1ebf**:<\/span><br \/>\n<span style=\"font-size: 120%;\">&#8211; L\u1eb5ng hoa \u0111\u01b0\u1ee3c thi\u1ebft k\u1ebf v\u1edbi s\u1ef1 k\u1ebft h\u1ee3p h\u00e0i h\u00f2a gi\u1eefa c\u00e1c lo\u1ea1i hoa t\u01b0\u01a1i, t\u1ea1o n\u00ean v\u1ebb \u0111\u1eb9p thanh nh\u00e3 v\u00e0 d\u1ecbu d\u00e0ng.<\/span><br \/>\n<span style=\"font-size: 120%;\">&#8211; C\u00e1c lo\u1ea1i hoa th\u01b0\u1eddng \u0111\u01b0\u1ee3c s\u1eed d\u1ee5ng bao g\u1ed3m hoa h\u1ed3ng, hoa baby, hoa c\u1ea9m ch\u01b0\u1edbng, hoa lily v\u00e0 hoa lan, t\u1ea1o n\u00ean s\u1ef1 phong ph\u00fa v\u00e0 \u0111a d\u1ea1ng v\u1ec1 m\u00e0u s\u1eafc.<\/span><\/p>\n<p><strong><span style=\"font-size: 120%;\">2. **M\u00e0u s\u1eafc nh\u1eb9 nh\u00e0ng v\u00e0 d\u1ecbu d\u00e0ng**:<\/span><\/strong><br \/>\n<span style=\"font-size: 120%;\">&#8211; M\u00e0u h\u1ed3ng v\u00e0 tr\u1eafng c\u1ee7a hoa h\u1ed3ng v\u00e0 hoa baby bi\u1ec3u t\u01b0\u1ee3ng cho t\u00ecnh y\u00eau, s\u1ef1 tinh khi\u1ebft v\u00e0 trong s\u00e1ng.<\/span><br \/>\n<span style=\"font-size: 120%;\">&#8211; M\u00e0u tr\u1eafng v\u00e0 t\u00edm c\u1ee7a hoa lily v\u00e0 hoa lan mang l\u1ea1i c\u1ea3m gi\u00e1c thanh l\u1ecbch v\u00e0 qu\u00fd ph\u00e1i.<\/span><br \/>\n<span style=\"font-size: 120%;\">&#8211; M\u00e0u xanh nh\u1ea1t c\u1ee7a l\u00e1 c\u00e2y t\u1ea1o n\u00ean s\u1ef1 t\u01b0\u01a1i m\u00e1t v\u00e0 g\u1ea7n g\u0169i v\u1edbi thi\u00ean nhi\u00ean.<\/span><\/p>\n<p><span style=\"font-size: 120%;\">3. **H\u01b0\u01a1ng th\u01a1m d\u1ecbu nh\u1eb9**:<\/span><br \/>\n<span style=\"font-size: 120%;\">&#8211; C\u00e1c lo\u1ea1i hoa \u0111\u01b0\u1ee3c ch\u1ecdn l\u1ef1a kh\u00f4ng ch\u1ec9 v\u00ec v\u1ebb \u0111\u1eb9p m\u00e0 c\u00f2n b\u1edfi h\u01b0\u01a1ng th\u01a1m d\u1ecbu nh\u1eb9, mang l\u1ea1i c\u1ea3m gi\u00e1c th\u01b0 gi\u00e3n v\u00e0 d\u1ec5 ch\u1ecbu cho ng\u01b0\u1eddi nh\u1eadn.<\/span><\/p>\n<p><span style=\"font-size: 120%;\">4. **Ch\u1ea5t l\u01b0\u1ee3ng hoa t\u01b0\u01a1i**:<\/span><br \/>\n<span style=\"font-size: 120%;\">&#8211; Hoa \u0111\u01b0\u1ee3c ch\u1ecdn l\u1ef1a k\u1ef9 c\u00e0ng t\u1eeb c\u00e1c v\u01b0\u1eddn hoa uy t\u00edn, \u0111\u1ea3m b\u1ea3o \u0111\u1ed9 t\u01b0\u01a1i m\u1edbi v\u00e0 b\u1ec1n l\u00e2u.<\/span><br \/>\n<span style=\"font-size: 120%;\">&#8211; S\u1eed d\u1ee5ng c\u00e1c k\u1ef9 thu\u1eadt b\u1ea3o qu\u1ea3n hi\u1ec7n \u0111\u1ea1i \u0111\u1ec3 gi\u1eef hoa lu\u00f4n t\u01b0\u01a1i t\u1eafn v\u00e0 \u0111\u1eb9p m\u1eaft.<\/span><\/p>\n<p><span style=\"font-size: 120%;\">5. **D\u1ecbch v\u1ee5 t\u1eadn t\u00e2m**:<\/span><br \/>\n<span style=\"font-size: 120%;\">&#8211; T\u01b0 v\u1ea5n nhi\u1ec7t t\u00ecnh gi\u00fap kh\u00e1ch h\u00e0ng ch\u1ecdn \u0111\u01b0\u1ee3c l\u1eb5ng hoa ph\u00f9 h\u1ee3p nh\u1ea5t v\u1edbi th\u00f4ng \u0111i\u1ec7p mu\u1ed1n g\u1eedi g\u1eafm.<\/span><br \/>\n<span style=\"font-size: 120%;\">&#8211; D\u1ecbch v\u1ee5 giao hoa nhanh ch\u00f3ng v\u00e0 \u0111\u00fang h\u1eb9n, \u0111\u1ea3m b\u1ea3o hoa \u0111\u1ebfn tay ng\u01b0\u1eddi nh\u1eadn trong t\u00ecnh tr\u1ea1ng t\u1ed1t nh\u1ea5t.<\/span><\/p>\n<p>&nbsp;<\/p>\n<p><img loading=\"lazy\" decoding=\"async\" class=\"aligncenter wp-image-282 size-full\" src=\"http:\/\/shophoabentre.com\/wp-content\/uploads\/2021\/07\/mau-vang.jpg\" alt=\"D\u1ecbu D\u00e0ng H\u01b0\u01a1ng Hoa\" width=\"572\" height=\"650\" srcset=\"https:\/\/shophoabentre.com\/wp-content\/uploads\/2021\/07\/mau-vang.jpg 572w, https:\/\/shophoabentre.com\/wp-content\/uploads\/2021\/07\/mau-vang-264x300.jpg 264w, https:\/\/shophoabentre.com\/wp-content\/uploads\/2021\/07\/mau-vang-510x580.jpg 510w, https:\/\/shophoabentre.com\/wp-content\/uploads\/2021\/07\/mau-vang-53x60.jpg 53w\" sizes=\"auto, (max-width: 572px) 100vw, 572px\" \/><\/p>\n<p>&nbsp;<\/p>\n<h3><strong>#### \u00dd ngh\u0129a c\u1ee7a l\u1eb5ng hoa &#8220;D\u1ecbu D\u00e0ng H\u01b0\u01a1ng Hoa&#8221;:<\/strong><\/h3>\n<p><span style=\"font-size: 120%;\">&#8211; **T\u00ecnh y\u00eau v\u00e0 s\u1ef1 trong s\u00e1ng**: Hoa h\u1ed3ng v\u00e0 hoa baby t\u01b0\u1ee3ng tr\u01b0ng cho t\u00ecnh y\u00eau ch\u00e2n th\u00e0nh v\u00e0 s\u1ef1 tinh khi\u1ebft, l\u00e0 l\u1eddi ch\u00fac m\u1eebng ng\u1ecdt ng\u00e0o v\u00e0 ch\u00e2n th\u00e0nh.<\/span><br \/>\n<span style=\"font-size: 120%;\">&#8211; **Tinh t\u1ebf v\u00e0 thanh l\u1ecbch**: Hoa lily v\u00e0 hoa lan bi\u1ec3u t\u01b0\u1ee3ng cho s\u1ef1 tinh t\u1ebf, thanh l\u1ecbch v\u00e0 qu\u00fd ph\u00e1i, mang \u0111\u1ebfn c\u1ea3m gi\u00e1c sang tr\u1ecdng v\u00e0 thanh cao.<\/span><br \/>\n<span style=\"font-size: 120%;\">&#8211; **Th\u01b0 gi\u00e3n v\u00e0 d\u1ec5 ch\u1ecbu**: H\u01b0\u01a1ng th\u01a1m d\u1ecbu nh\u1eb9 c\u1ee7a c\u00e1c lo\u1ea1i hoa mang l\u1ea1i c\u1ea3m gi\u00e1c th\u01b0 gi\u00e3n, d\u1ec5 ch\u1ecbu v\u00e0 ni\u1ec1m vui cho ng\u01b0\u1eddi nh\u1eadn.<\/span><\/p>\n<p><span style=\"font-size: 120%;\">#### \u0110\u1ecba ch\u1ec9 v\u00e0 th\u00f4ng tin li\u00ean h\u1ec7 \u0111\u1ec3 \u0111\u1eb7t l\u1eb5ng hoa &#8220;D\u1ecbu D\u00e0ng H\u01b0\u01a1ng Hoa&#8221;:<\/span><\/p>\n<p><span style=\"font-size: 120%;\">&#8211; **\u0110\u1ecba ch\u1ec9**: [Cung c\u1ea5p \u0111\u1ecba ch\u1ec9 c\u1ee5 th\u1ec3 c\u1ee7a shop hoa t\u1ea1i TP B\u1ebfn Tre]<\/span><br \/>\n<span style=\"font-size: 120%;\">&#8211; **S\u1ed1 \u0111i\u1ec7n tho\u1ea1i**: [S\u1ed1 \u0111i\u1ec7n tho\u1ea1i li\u00ean h\u1ec7 c\u1ee7a shop]<\/span><br \/>\n<span style=\"font-size: 120%;\">&#8211; **Website**:\u00a0 <a href=\"https:\/\/shophoabentre.com\/\">https:\/\/shophoabentre.com\/<\/a><\/span><br \/>\n<span style=\"font-size: 120%;\">&#8211; **Facebook**:\u00a0<\/span><\/p>\n<p><span style=\"font-size: 120%;\">### K\u1ebft lu\u1eadn<\/span><\/p>\n<p><span style=\"font-size: 120%;\">L\u1eb5ng hoa &#8220;D\u1ecbu D\u00e0ng H\u01b0\u01a1ng Hoa&#8221; kh\u00f4ng ch\u1ec9 l\u00e0 m\u00f3n qu\u00e0 \u0111\u1eb9p m\u1eaft m\u00e0 c\u00f2n mang nhi\u1ec1u \u00fd ngh\u0129a s\u00e2u s\u1eafc, g\u1eedi g\u1eafm nh\u1eefng l\u1eddi ch\u00fac t\u1ed1t \u0111\u1eb9p v\u00e0 t\u00ecnh c\u1ea3m ch\u00e2n th\u00e0nh. H\u00e3y \u0111\u1ebfn v\u1edbi c\u00e1c c\u1eeda h\u00e0ng hoa t\u1ea1i TP B\u1ebfn Tre \u0111\u1ec3 ch\u1ecdn l\u1ef1a cho m\u00ecnh l\u1eb5ng hoa &#8220;D\u1ecbu D\u00e0ng H\u01b0\u01a1ng Hoa&#8221; v\u00e0 mang \u0111\u1ebfn ni\u1ec1m vui, s\u1ef1 d\u1ecbu d\u00e0ng v\u00e0 nh\u1eefng c\u1ea3m x\u00fac ng\u1ecdt ng\u00e0o cho ng\u01b0\u1eddi nh\u1eadn trong nh\u1eefng d\u1ecbp \u0111\u1eb7c bi\u1ec7t.<\/span><\/p>\n<p><span style=\"font-size: 120%;\">D\u1ecaU D\u00c0NG H\u01af\u01a0NG HOA<\/span><\/p>\n","protected":false},"excerpt":{"rendered":"<p><span style=\"font-size: 120%;\">L\u1eb5ng hoa &#8220;D\u1ecbu D\u00e0ng H\u01b0\u01a1ng Hoa&#8221; kh\u00f4ng ch\u1ec9 l\u00e0 m\u00f3n qu\u00e0 \u0111\u1eb9p m\u1eaft m\u00e0 c\u00f2n mang nhi\u1ec1u \u00fd ngh\u0129a s\u00e2u s\u1eafc, g\u1eedi g\u1eafm nh\u1eefng l\u1eddi ch\u00fac t\u1ed1t \u0111\u1eb9p v\u00e0 t\u00ecnh c\u1ea3m ch\u00e2n th\u00e0nh. H\u00e3y \u0111\u1ebfn v\u1edbi c\u00e1c c\u1eeda h\u00e0ng hoa t\u1ea1i TP B\u1ebfn Tre \u0111\u1ec3 ch\u1ecdn l\u1ef1a cho m\u00ecnh l\u1eb5ng hoa &#8220;D\u1ecbu D\u00e0ng H\u01b0\u01a1ng Hoa&#8221; v\u00e0 mang \u0111\u1ebfn ni\u1ec1m vui, s\u1ef1 d\u1ecbu d\u00e0ng v\u00e0 nh\u1eefng c\u1ea3m x\u00fac ng\u1ecdt ng\u00e0o cho ng\u01b0\u1eddi nh\u1eadn trong nh\u1eefng d\u1ecbp \u0111\u1eb7c bi\u1ec7t.<\/span><\/p>\n","protected":false},"featured_media":282,"comment_status":"open","ping_status":"closed","template":"","meta":[],"product_brand":[],"product_cat":[37],"product_tag":[59,43,42,47,48],"class_list":{"0":"post-281","1":"product","2":"type-product","3":"status-publish","4":"has-post-thumbnail","6":"product_cat-hoa-gio","7":"product_tag-diu-dang-huong-hoa","8":"product_tag-hoa-chuc-mung_sang-trong","9":"product_tag-hoa-hop-go","10":"product_tag-luyen-tiec","11":"product_tag-ve-voi-coi-nguon","13":"first","14":"instock","15":"shipping-taxable","16":"purchasable","17":"product-type-simple"},"_links":{"self":[{"href":"https:\/\/shophoabentre.com\/index.php?rest_route=\/wp\/v2\/product\/281","targetHints":{"allow":["GET"]}}],"collection":[{"href":"https:\/\/shophoabentre.com\/index.php?rest_route=\/wp\/v2\/product"}],"about":[{"href":"https:\/\/shophoabentre.com\/index.php?rest_route=\/wp\/v2\/types\/product"}],"replies":[{"embeddable":true,"href":"https:\/\/shophoabentre.com\/index.php?rest_route=%2Fwp%2Fv2%2Fcomments&post=281"}],"wp:featuredmedia":[{"embeddable":true,"href":"https:\/\/shophoabentre.com\/index.php?rest_route=\/wp\/v2\/media\/282"}],"wp:attachment":[{"href":"https:\/\/shophoabentre.com\/index.php?rest_route=%2Fwp%2Fv2%2Fmedia&parent=281"}],"wp:term":[{"taxonomy":"product_brand","embeddable":true,"href":"https:\/\/shophoabentre.com\/index.php?rest_route=%2Fwp%2Fv2%2Fproduct_brand&post=281"},{"taxonomy":"product_cat","embeddable":true,"href":"https:\/\/shophoabentre.com\/index.php?rest_route=%2Fwp%2Fv2%2Fproduct_cat&post=281"},{"taxonomy":"product_tag","embeddable":true,"href":"https:\/\/shophoabentre.com\/index.php?rest_route=%2Fwp%2Fv2%2Fproduct_tag&post=281"}],"curies":[{"name":"wp","href":"https:\/\/api.w.org\/{rel}","templated":true}]}}